{"id":148,"date":"2025-11-07T10:31:16","date_gmt":"2025-11-07T08:31:16","guid":{"rendered":"https:\/\/nurmijarvionilmio.fi\/munpolku\/?page_id=148"},"modified":"2025-11-17T14:11:10","modified_gmt":"2025-11-17T12:11:10","slug":"yhdessa-vahvempia","status":"publish","type":"page","link":"https:\/\/nurmijarvionilmio.fi\/munpolku\/hyvinvointitaitoja-elamaan\/yhdessa-vahvempia\/","title":{"rendered":"Yhdess\u00e4 vahvempia"},"content":{"rendered":"\t\t<div data-elementor-type=\"wp-page\" data-elementor-id=\"148\" class=\"elementor elementor-148\">\n\t\t\t\t<div class=\"elementor-element elementor-element-6d4b529f e-flex e-con-boxed e-con e-parent\" data-id=\"6d4b529f\" data-element_type=\"container\" data-e-type=\"container\">\n\t\t\t\t\t<div class=\"e-con-inner\">\n\t\t\t\t<div class=\"elementor-element elementor-element-5393abce elementor-widget elementor-widget-text-editor\" data-id=\"5393abce\" data-element_type=\"widget\" data-e-type=\"widget\" data-widget_type=\"text-editor.default\">\n\t\t\t\t\t\t\t\t\t<p>Millainen on hyv\u00e4 ryhm\u00e4? Tunteeko jokainen kuuluvansa joukkoon? Ent\u00e4 osaavatko oppilaat kohdata toisensa kunnioittavasti ja toimia yhdess\u00e4 rakentavasti? Lukuvuoden alussa \u2013 ja aina uuden ryhm\u00e4n kohdatessa \u2013 tarvitaan aikaa tutustumiselle, turvallisuuden tunteen rakentamiselle ja yhteishengen vahvistamiselle. T\u00e4m\u00e4 jakso keskittyy ryhm\u00e4ytymiseen ja kaveritaitojen vahvistamiseen.\u00a0<\/p>\n<p><!-- \/wp:paragraph --><!-- wp:paragraph --><\/p>\n<p>Hyvin toimiva ryhm\u00e4 ei synny itsest\u00e4\u00e4n, mutta siihen voi tietoisesti vaikuttaa. Ryhm\u00e4ytyminen on kannustavan oppimisymp\u00e4rist\u00f6n ja yhteis\u00f6llisyyden perusta. Turvallinen ilmapiiri ja yhteenkuuluvuuden tunne antavat aremmillekin rohkeutta osallistua ja tukevat motivaatiota etenkin silloin, kun jaksaminen on koetuksella. Hyvin toimiva ryhm\u00e4 tuo luokkaan hyvinvointia, ryhm\u00e4n hallittavuutta ja sujuvampaa arkea.\u00a0<\/p>\n<p><!-- \/wp:paragraph --><!-- wp:paragraph --><\/p>\n<p>Hyv\u00e4t kaverisuhteet ovat keskeisi\u00e4 lapsen kasvulle ja kehitykselle. Jotta ryhm\u00e4 voi hyvin ja voidaan muodostaa yst\u00e4vyyssuhteita, on jokaisen opittava toimimaan toisten kanssa kunnioittavasti ja empaattisesti. Toisen huomioiminen, yst\u00e4v\u00e4llisyys, kuunteleminen ja ristiriitojen ratkaiseminen ovat taitoja, joita jokainen meist\u00e4 tarvitsee l\u00e4pi el\u00e4m\u00e4n, mink\u00e4 vuoksi niit\u00e4 on t\u00e4rke\u00e4\u00e4 harjoitella jo pienest\u00e4 l\u00e4htien.<\/p>\n<p><!-- \/wp:paragraph --><!-- wp:page-list {\"parentPageID\":148} \/--><!-- wp:paragraph --><!-- \/wp:paragraph --><\/p>\t\t\t\t\t\t\t\t<\/div>\n\t\t<div class=\"elementor-element elementor-element-9a771df e-grid e-con-full e-con e-child\" data-id=\"9a771df\" data-element_type=\"container\" data-e-type=\"container\">\n\t\t\t\t<div class=\"elementor-element elementor-element-a4da67e elementor-position-top elementor-widget elementor-widget-image-box\" data-id=\"a4da67e\" data-element_type=\"widget\" data-e-type=\"widget\" data-widget_type=\"image-box.default\">\n\t\t\t\t\t<div class=\"elementor-image-box-wrapper\"><figure class=\"elementor-image-box-img\"><a href=\"https:\/\/nurmijarvionilmio.fi\/munpolku\/hyvinvointitaitoja-elamaan\/yhdessa-vahvempia\/ryhmaytyminen\/\" tabindex=\"-1\"><img fetchpriority=\"high\" decoding=\"async\" width=\"1920\" height=\"1080\" src=\"https:\/\/nurmijarvionilmio.fi\/munpolku\/wp-content\/uploads\/2025\/11\/yhdessa_vahvempia.png\" class=\"elementor-animation-grow attachment-full size-full wp-image-385\" alt=\"\" srcset=\"https:\/\/nurmijarvionilmio.fi\/munpolku\/wp-content\/uploads\/2025\/11\/yhdessa_vahvempia.png 1920w, https:\/\/nurmijarvionilmio.fi\/munpolku\/wp-content\/uploads\/2025\/11\/yhdessa_vahvempia-300x169.png 300w, https:\/\/nurmijarvionilmio.fi\/munpolku\/wp-content\/uploads\/2025\/11\/yhdessa_vahvempia-1024x576.png 1024w, https:\/\/nurmijarvionilmio.fi\/munpolku\/wp-content\/uploads\/2025\/11\/yhdessa_vahvempia-768x432.png 768w, https:\/\/nurmijarvionilmio.fi\/munpolku\/wp-content\/uploads\/2025\/11\/yhdessa_vahvempia-1536x864.png 1536w\" sizes=\"(max-width: 1920px) 100vw, 1920px\" \/><\/a><\/figure><div class=\"elementor-image-box-content\"><h3 class=\"elementor-image-box-title\"><a href=\"https:\/\/nurmijarvionilmio.fi\/munpolku\/hyvinvointitaitoja-elamaan\/yhdessa-vahvempia\/ryhmaytyminen\/\">Ryhm\u00e4ytyminen<\/a><\/h3><\/div><\/div>\t\t\t\t<\/div>\n\t\t\t\t<div class=\"elementor-element elementor-element-5598d75 elementor-position-top elementor-widget elementor-widget-image-box\" data-id=\"5598d75\" data-element_type=\"widget\" data-e-type=\"widget\" data-widget_type=\"image-box.default\">\n\t\t\t\t\t<div class=\"elementor-image-box-wrapper\"><figure class=\"elementor-image-box-img\"><a href=\"https:\/\/nurmijarvionilmio.fi\/munpolku\/hyvinvointitaitoja-elamaan\/yhdessa-vahvempia\/kaveritaidot\/\" tabindex=\"-1\"><img fetchpriority=\"high\" decoding=\"async\" width=\"1920\" height=\"1080\" src=\"https:\/\/nurmijarvionilmio.fi\/munpolku\/wp-content\/uploads\/2025\/11\/yhdessa_vahvempia.png\" class=\"elementor-animation-grow attachment-full size-full wp-image-385\" alt=\"\" srcset=\"https:\/\/nurmijarvionilmio.fi\/munpolku\/wp-content\/uploads\/2025\/11\/yhdessa_vahvempia.png 1920w, https:\/\/nurmijarvionilmio.fi\/munpolku\/wp-content\/uploads\/2025\/11\/yhdessa_vahvempia-300x169.png 300w, https:\/\/nurmijarvionilmio.fi\/munpolku\/wp-content\/uploads\/2025\/11\/yhdessa_vahvempia-1024x576.png 1024w, https:\/\/nurmijarvionilmio.fi\/munpolku\/wp-content\/uploads\/2025\/11\/yhdessa_vahvempia-768x432.png 768w, https:\/\/nurmijarvionilmio.fi\/munpolku\/wp-content\/uploads\/2025\/11\/yhdessa_vahvempia-1536x864.png 1536w\" sizes=\"(max-width: 1920px) 100vw, 1920px\" \/><\/a><\/figure><div class=\"elementor-image-box-content\"><h3 class=\"elementor-image-box-title\"><a href=\"https:\/\/nurmijarvionilmio.fi\/munpolku\/hyvinvointitaitoja-elamaan\/yhdessa-vahvempia\/kaveritaidot\/\">Kaveritaidot<\/a><\/h3><\/div><\/div>\t\t\t\t<\/div>\n\t\t\t\t<\/div>\n\t\t\t\t\t<\/div>\n\t\t\t\t<\/div>\n\t\t\t\t<\/div>\n\t\t","protected":false},"excerpt":{"rendered":"<p>Millainen on hyv\u00e4 ryhm\u00e4? Tunteeko jokainen kuuluvansa joukkoon? Ent\u00e4 osaavatko oppilaat kohdata toisensa kunnioittavasti ja toimia yhdess\u00e4 rakentavasti? Lukuvuoden alussa \u2013 ja aina uuden ryhm\u00e4n kohdatessa \u2013 tarvitaan aikaa tutustumiselle, turvallisuuden tunteen rakentamiselle ja yhteishengen vahvistamiselle. T\u00e4m\u00e4 jakso keskittyy ryhm\u00e4ytymiseen ja kaveritaitojen vahvistamiseen.\u00a0 Hyvin toimiva ryhm\u00e4 ei synny itsest\u00e4\u00e4n, mutta [&hellip;]<\/p>\n","protected":false},"author":1,"featured_media":385,"parent":42,"menu_order":0,"comment_status":"closed","ping_status":"closed","template":"","meta":{"footnotes":""},"class_list":["post-148","page","type-page","status-publish","has-post-thumbnail","hentry"],"_links":{"self":[{"href":"https:\/\/nurmijarvionilmio.fi\/munpolku\/wp-json\/wp\/v2\/pages\/148","targetHints":{"allow":["GET"]}}],"collection":[{"href":"https:\/\/nurmijarvionilmio.fi\/munpolku\/wp-json\/wp\/v2\/pages"}],"about":[{"href":"https:\/\/nurmijarvionilmio.fi\/munpolku\/wp-json\/wp\/v2\/types\/page"}],"author":[{"embeddable":true,"href":"https:\/\/nurmijarvionilmio.fi\/munpolku\/wp-json\/wp\/v2\/users\/1"}],"replies":[{"embeddable":true,"href":"https:\/\/nurmijarvionilmio.fi\/munpolku\/wp-json\/wp\/v2\/comments?post=148"}],"version-history":[{"count":39,"href":"https:\/\/nurmijarvionilmio.fi\/munpolku\/wp-json\/wp\/v2\/pages\/148\/revisions"}],"predecessor-version":[{"id":481,"href":"https:\/\/nurmijarvionilmio.fi\/munpolku\/wp-json\/wp\/v2\/pages\/148\/revisions\/481"}],"up":[{"embeddable":true,"href":"https:\/\/nurmijarvionilmio.fi\/munpolku\/wp-json\/wp\/v2\/pages\/42"}],"wp:featuredmedia":[{"embeddable":true,"href":"https:\/\/nurmijarvionilmio.fi\/munpolku\/wp-json\/wp\/v2\/media\/385"}],"wp:attachment":[{"href":"https:\/\/nurmijarvionilmio.fi\/munpolku\/wp-json\/wp\/v2\/media?parent=148"}],"curies":[{"name":"wp","href":"https:\/\/api.w.org\/{rel}","templated":true}]}}